me factors of 3384569090.
2, 5, 7, 48350987
What are the prime factors of 15941209?
19, 269, 3119
List the prime factors of 260258289.
3, 9049, 9587
List the prime factors of 93353600.
2, 5, 29173
List the prime factors of 74287402.
2, 7, 43, 123401
List the prime factors of 111799694.
2, 79, 379, 1867
List the prime factors of 32505700.
2, 5, 17, 19121
What are the prime factors of 29058462?
2, 3, 1614359
List the prime factors of 344757472.
2, 167, 64513
What are the prime factors of 5553948194?
2, 2776974097
List the prime factors of 496539614.
2, 248269807
List the prime factors of 457424140.
2, 5, 22871207
What are the prime factors of 244583789?
19, 12872831
List the prime factors of 42667290.
2, 3, 5, 37, 4271
List the prime factors of 185126445.
3, 5, 7, 227, 863
What are the prime factors of 1323974193?
3, 79, 983, 5683
What are the prime factors of 119811421?
131, 914591
List the prime factors of 50648894.
2, 25324447
List the prime factors of 5117635750.
2, 5, 19, 1077397
What are the prime factors of 1689470937?
3, 7, 11, 19, 128311
List the prime factors of 182355324.
2, 3, 15196277
List the prime factors of 153292709.
47, 3261547
List the prime factors of 2890640.
2, 5, 23, 1571
List the prime factors of 246171114.
2, 3, 7, 53, 191, 193
What are the prime factors of 681245184?
2, 3, 37, 11987
What are the prime factors of 136595166?
2, 3, 22765861
What are the prime factors of 820889544?
2, 3, 29, 197, 5987
List the prime factors of 732580135.
5, 7, 2990123
List the prime factors of 746482278.
2, 3, 59, 131, 16097
What are the prime factors of 279653202?
2, 3, 829, 6247
List the prime factors of 2930544378.
2, 3, 162808021
List the prime factors of 1026196698.
2, 3, 171032783
List the prime factors of 8053799.
13, 139, 4457
What are the prime factors of 1385289473?
181, 7653533
What are the prime factors of 50522589?
3, 13, 17, 8467
List the prime factors of 680274544.
2, 42517159
What are the prime factors of 3809455431?
3, 23, 2400413
List the prime factors of 125514407.
29, 41, 105563
What are the prime factors of 3863132879?
3863132879
List the prime factors of 102674127.
3, 41, 337, 2477
What are the prime factors of 2007263507?
29, 71, 974873
List the prime factors of 61234008.
2, 3, 11, 231947
List the prime factors of 4234553204.
2, 7, 29, 317, 16451
List the prime factors of 6381923064.
2, 3, 11, 24173951
List the prime factors of 1058228.
2, 61, 4337
What are the prime factors of 164729987?
164729987
What are the prime factors of 55601923?
13, 19, 225109
List the prime factors of 39100047.
3, 7, 107, 17401
What are the prime factors of 96948386?
2, 4603, 10531
What are the prime factors of 31299878?
2, 19, 307, 2683
List the prime factors of 39241764.
2, 3, 19, 103, 557
List the prime factors of 729401138.
2, 364700569
List the prime factors of 117591957.
3, 7, 37, 61, 827
What are the prime factors of 460711414?
2, 461, 499687
What are the prime factors of 26923177?
683, 39419
List the prime factors of 7036244073.
3, 15727, 49711
What are the prime factors of 4164946611?
3, 7, 2593, 76487
List the prime factors of 1264230418.
2, 11, 5651, 10169
List the prime factors of 57453359.
19, 3023861
List the prime factors of 60496534.
2, 7, 4321181
List the prime factors of 45210343.
59, 766277
What are the prime factors of 43541221?
41, 251, 4231
List the prime factors of 329441456.
2, 19, 1083689
What are the prime factors of 5400456033?
3, 7, 257164573
List the prime factors of 37413417.
3, 12471139
What are the prime factors of 220576843?
41, 5379923
List the prime factors of 80211968.
2, 19583
What are the prime factors of 477231838?
2, 9391, 25409
What are the prime factors of 122165521?
79, 1546399
What are the prime factors of 131206299?
3, 7, 6247919
What are the prime factors of 213439450?
2, 5, 7, 229, 2663
What are the prime factors of 360461223?
3, 101, 396547
What are the prime factors of 1289226270?
2, 3, 5, 42974209
What are the prime factors of 4039635248?
2, 11, 22952473
What are the prime factors of 76152796?
2, 19038199
What are the prime factors of 29649304?
2, 3706163
What are the prime factors of 255313000?
2, 5, 255313
What are the prime factors of 524588747?
524588747
What are the prime factors of 4893663721?
1877, 2607173
List the prime factors of 1375188736.
2, 5371831
What are the prime factors of 498463704?
2, 3, 37, 187111
What are the prime factors of 1903891904?
2, 199, 149489
List the prime factors of 395745808.
2, 24734113
List the prime factors of 522076824.
2, 3, 809, 8963
What are the prime factors of 475529129?
475529129
List the prime factors of 1102867268.
2, 43, 6412019
What are the prime factors of 16235136?
2, 3, 17, 829
What are the prime factors of 999015040?
2, 5, 79, 19759
What are the prime factors of 80730585?
3, 5, 13, 59, 2339
What are the prime factors of 418817406?
2, 3, 7, 17, 11971
List the prime factors of 403424219.
11, 67, 547387
List the prime factors of 308824507.
67, 4609321
What are the prime factors of 50150019?
3, 29, 277, 2081
What are the prime factors of 119881443?
3, 11, 37, 47, 2089
What are the prime factors of 1661636474?
2, 17, 48871661
What are the prime factors of 1234227573?
3, 569, 241013
List the prime factors of 1117093821.
3, 13043, 28549
What are the prime factors of 3253316262?
2, 3, 7, 77459911
What are the prime factors of 225338150?
2, 5, 4506763
List the prime factors of 832673961.
3, 7, 41, 479, 673
List the prime factors of 256410072.
2, 3, 23, 67, 2311
What are the prime factors of 11204561?
131, 85531
List the prime factors of 3162532997.
13, 43, 435191
List the prime factors of 806829942.
2, 3, 71, 1893967
List the prime factors of 1420490009.
1420490009
What are the prime factors of 9062628?
2, 3, 829, 911
List the prime factors of 6193360693.
13, 476412361
List the prime factors of 2091796951.
31, 53, 1273157
What are the prime factors of 6526138?
2, 47, 69427
What are the prime factors of 68480838?
2, 3, 3804491
List the prime factors of 21850055.
5, 1493, 2927
What are the prime factors of 91162139?
59, 1545121
What are the prime factors of 332351711?
47, 53, 101, 1321
What are the prime factors of 207773725?
5, 139, 59791
List the prime factors of 1136741209.
1136741209
What are the prime factors of 69474661?
1103, 62987
List the prime factors of 1766534364.
2, 3, 7, 37, 41, 4621
List the prime factors of 337438026.
2, 3, 29, 646433
What are the prime factors of 260787699?
3, 269, 107719
What are the prime factors of 439995081?
3, 991, 147997
What are the prime factors of 7859893?
659, 11927
What are the prime factors of 110209663?
349, 457, 691
List the prime factors of 51330148.
2, 227, 56531
List the prime factors of 6709637.
11, 83, 7349
What are the prime factors of 65970392?
2, 73, 83, 1361
List the prime factors of 51075921.
3, 13, 1309639
List the prime factors of 50194663.
59, 107, 7951
List the prime factors of 407446796.
2, 109, 631, 1481
List the prime factors of 59711514.
2, 3, 17, 557, 1051
What are the prime factors of 441854848?
2, 3451991
What are the prime factors of 16906484?
2, 7, 37, 16319
What are the prime factors of 90289256?
2, 47, 240131
What are the prime factors of 67746097?
6569, 10313
What are the prime factors of 678197024?
2, 61, 347437
List the prime factors of 380531006.
2, 5477, 34739
List the prime factors of 90983667.
3, 31, 463, 2113
What are the prime factors of 436982666?
2, 5387, 40559
List the prime factors of 1690962267.
3, 19183, 29383
List the prime factors of 2728203234.
2, 3, 1153, 394363
What are the prime factors of 382453457?
79, 4841183
What are the prime factors of 1089995574?
2, 3, 229, 793301
What are the prime factors of 679718093?
1091, 623023
List the prime factors of 12517745.
5, 47, 53267
List the prime factors of 2802290332.
2, 700572583
List the prime factors of 36566737.
3691, 9907
What are the prime factors of 86481550?
2, 5, 17, 71, 1433
What are the prime factors of 2266012563?
3, 6121, 123401
List the prime factors of 283898633.
283898633
What are the prime factors of 22096598?
2, 173, 63863
What are the prime factors of 215136501?
3, 367, 195401
List the prime factors of 448512268.
2, 112128067
What are the prime factors of 218911134?
2, 3, 13, 1601, 1753
What ar